{"id":16806,"date":"2022-12-26T11:58:56","date_gmt":"2022-12-26T10:58:56","guid":{"rendered":"https:\/\/salms.ch\/home\/"},"modified":"2024-03-18T17:12:54","modified_gmt":"2024-03-18T16:12:54","slug":"home","status":"publish","type":"page","link":"https:\/\/salms.ch\/","title":{"rendered":"Home"},"content":{"rendered":"\n<p class=\"has-vivid-cyan-blue-color has-text-color\">In unserem Shop bieten wir Telefonkarten, taxcard, phonecard (gebraucht, f\u00fcr Sammler), Modelleisenbahnen, LGB\u00a0und Tr\u00f6delware\/Tr\u00f6dlerware wie Antiquit\u00e4ten, Bilder, B\u00fccher, alte Postkarten, Ansichtskarten, Glas, Holz, Porzellan, Keramik, Puppen, Spielsachen, Stofftiere, Briefmarken, Pin, Elektronik und\u00a0gestrickte Handarbeiten zum Verkauf an.<\/p>\n\n\n\n<hr class=\"wp-block-separator has-alpha-channel-opacity is-style-dots\"\/>\n\n\n\n<p class=\"has-light-green-cyan-color has-text-color\">Bei den Preisen handelt es sich um Richtpreise in Schweizer Franken. Mailen Sie mir Ihr Angebot mit einer Anfrage \u00fcber den Warenkorb, Sie erhalten umgehend Bescheid ob wir zu Ihren Bedingungen verkaufen.<\/p>\n\n\n\n<hr class=\"wp-block-separator has-alpha-channel-opacity is-style-dots\"\/>\n\n\n\n<p class=\"has-vivid-red-color has-text-color\">Besten Dank f\u00fcr Ihren Besuch.&nbsp;Ich freue mich auf Ihren Kontakt.<\/p>\n","protected":false},"excerpt":{"rendered":"<p>In unserem Shop bieten wir Telefonkarten, taxcard, phonecard (gebraucht, f\u00fcr Sammler), Modelleisenbahnen, LGB\u00a0und Tr\u00f6delware\/Tr\u00f6dlerware wie Antiquit\u00e4ten, Bilder, B\u00fccher, alte Postkarten, Ansichtskarten, Glas, Holz, Porzellan, Keramik, Puppen, Spielsachen, Stofftiere, Briefmarken, Pin, Elektronik und\u00a0gestrickte Handarbeiten zum Verkauf an. Bei den Preisen handelt es sich um Richtpreise in Schweizer Franken. Mailen Sie mir Ihr Angebot mit einer Anfrage [&hellip;]<\/p>\n","protected":false},"author":1,"featured_media":0,"parent":0,"menu_order":0,"comment_status":"closed","ping_status":"closed","template":"templates\/template-homepage-one.php","meta":{"footnotes":""},"class_list":["post-16806","page","type-page","status-publish","hentry"],"_links":{"self":[{"href":"https:\/\/salms.ch\/index.php?rest_route=\/wp\/v2\/pages\/16806","targetHints":{"allow":["GET"]}}],"collection":[{"href":"https:\/\/salms.ch\/index.php?rest_route=\/wp\/v2\/pages"}],"about":[{"href":"https:\/\/salms.ch\/index.php?rest_route=\/wp\/v2\/types\/page"}],"author":[{"embeddable":true,"href":"https:\/\/salms.ch\/index.php?rest_route=\/wp\/v2\/users\/1"}],"replies":[{"embeddable":true,"href":"https:\/\/salms.ch\/index.php?rest_route=%2Fwp%2Fv2%2Fcomments&post=16806"}],"version-history":[{"count":8,"href":"https:\/\/salms.ch\/index.php?rest_route=\/wp\/v2\/pages\/16806\/revisions"}],"predecessor-version":[{"id":21153,"href":"https:\/\/salms.ch\/index.php?rest_route=\/wp\/v2\/pages\/16806\/revisions\/21153"}],"wp:attachment":[{"href":"https:\/\/salms.ch\/index.php?rest_route=%2Fwp%2Fv2%2Fmedia&parent=16806"}],"curies":[{"name":"wp","href":"https:\/\/api.w.org\/{rel}","templated":true}]}}